it of b?
4
Let j(h) = 154*h**2 - 13*h - 77. What is the units digit of j(-4)?
9
Let l(t) = 6*t - 6*t - 28 - 68*t. What is the hundreds digit of l(-5)?
3
Suppose 12*x - 9*x = 2*o + 11, 2*x - 10 = 2*o. What is the units digit of x - (-1978)/4 - 89/(-178)?
6
Let j(z) = 3*z**2 - 92*z - 5. Let y be j(31). Suppose 30*n - y*n = 2780. What is the units digit of n?
5
Let k = 69 - 64. Suppose -k*p = -3*f - 1133, -2*p = 2*p - f - 905. What is the units digit of p?
6
Let w = 1850 + 2636. What is the units digit of w?
6
Let c = -94 - -98. Suppose 4*d = -0*d - j + 9, 0 = -c*j - 12. What is the units digit of d?
3
Let p = -186 - -188. Suppose -3*s + 1091 = 4*h + 67, 5*s - 1698 = p*h. What is the tens digit of s?
4
Let q = 165 - 171. What is the units digit of (-12)/6*(1203/q - 1)?
3
Let v = 3 + -6. Suppose 2*d = -5*b - 18, 51*d - 55*d + 4*b + 20 = 0. What is the units digit of (d/v)/((-1)/219)?
3
Suppose -2*d = 4*w - 9 - 13, 0 = -4*w + 4*d + 4. Suppose 0 = -x + 4*j + 149 + 77, 5*x - 1194 = w*j. What is the units digit of x?
2
Let v be -388*(-6)/24*(-1 + 2). Let h = 100 - v. What is the hundreds digit of (93/4)/(51/16 - h)?
1
Let v(u) = 9*u**2 + 20*u + 1. Let o(c) = c**2 - c - 1. Let y(z) = 5*o(z) - v(z). Let a be y(-6). What is the tens digit of (a + 41)/((-7)/(-14))?
8
Let o(q) = 2*q**2 + 2*q - 7. Let p be o(-3). Suppose p*m = 5*u - 6845, -4*m + 558 = u - 811. What is the hundreds digit of u?
3
Let l be (-106)/(-10) - 15/25. Suppose -o + l = -22. Let a = o - 20. What is the units digit of a?
2
Suppose -q - 244 = -z, 3*z - 2*z + 2*q - 247 = 0. Suppose 2*x + z = -89. Let l = 259 + x. What is the tens digit of l?
9
Suppose -2*l - 3 = -v + 8, -7 = l - v. Let r be (-764)/(-12) - l/(-6). Let a = r + -35. What is the units digit of a?
8
Let a(r) = -26740*r**3 - r**2 + 10*r + 11. What is the thousands digit of a(-1)?
6
Suppose 4*u - 73097 = -i, 62*u + 18293 = 63*u + 4*i. What is the ten thousands digit of u?
1
Suppose 0 = 2*c - 0*c - y - 22, 5*c - 62 = -y. What is the hundreds digit of (39/c - 3)*(0 - -1084)?
2
Let z = -711 + 717. Let a(b) = 228*b + 58. What is the hundreds digit of a(z)?
4
Let s(t) = 4*t + 6. Let b be s(-2). Let f = -127 - b. Let p = -54 - f. What is the units digit of p?
1
Let v be -4*1/((-20)/15). Suppose 2*c + p - 9 = 0, -v*c = -6*p + p - 7. Suppose u = c*d + 191, -2 = 2*d - 4. What is the units digit of u?
5
Let o = -2 + 7. Suppose -2*v = 5*j - 10, 0 = o*j - 4*v - 4 - 6. Suppose -372 = -3*h - j*t, 0 = 4*h - 0*t - t - 507. What is the units digit of h?
6
Suppose -21*z + 167 + 2017 = 0. Suppose 14460 = -92*m + z*m. What is the hundreds digit of m?
2
Let u = 3958 - 1841. Suppose -5*a + 5312 = -4*m, 24*m + u = 2*a + 25*m. What is the thousands digit of a?
1
Let m(v) = -12*v - 7. Let z be m(3). Let t = z - -37. What is the tens digit of 3/t - (177/(-2) - 1)?
8
Let w = -14708 - -25156. What is the tens digit of w?
4
Let j = 718 + -715. Suppose -4*y - 448 = -2*o, -5*o + 466 = -j*o + 2*y. What is the units digit of o?
0
Suppose 2*a - 6 = t + 1, 5*a + 2*t - 13 = 0. Let h be (-108)/(-5) - (-6)/15. Suppose 41 = a*l - h. What is the tens digit of l?
2
Let d(z) = -6 + 24*z + 91*z**2 + 10*z - 56*z - 94*z**2. Suppose -3*c + 1 = 3*s + 7, 0 = -3*c + 3*s - 30. What is the tens digit of d(c)?
1
Let m = 43 - 37. Suppose -2*c + m = c - q, q = -4*c + 15. Suppose 3*r = -c*r + 870. What is the units digit of r?
5
Let t(r) = -11*r**3 - 127*r**2 - 39. What is the hundreds digit of t(-14)?
2
Suppose -2*o + 2*d = -75552 + 26506, -3*d = 3*o - 73563. What is the thousands digit of o?
4
Let b be (6/(-4))/(6/(-8)). Suppose -60*m + 96 = -12*m. Suppose -b*x = m*x - 232. What is the tens digit of x?
5
What is the hundreds digit of ((-54)/(-81))/(1/(-3)) + 34037?
0
What is the tens digit of 151022/46 - (-8)/230*35/(-14)?
8
Suppose -6247 = -u - 3*l + 824, 3*l = -3*u + 21183. What is the tens digit of u?
5
Let y(u) = 3*u - 46. Let x be y(17). Suppose -x*o - 2*l + 137 = 453, -5*l + 138 = -2*o. Let j = o - -112. What is the tens digit of j?
4
Let r = 353 - 357. What is the tens digit of (1 - -1) + -3 - (r + -620)?
2
Suppose 3*v + 51670 + 2951 = 3*h, -3*v = 4*h - 72807. What is the units digit of h?
4
Suppose -2*q + 7 = 1. Suppose -4*h = 4*n - 1900, n = -q*h - 2*h + 467. What is the units digit of n?
7
Let t = -379 + 378. Let h = t - -39. What is the tens digit of h?
3
Suppose -26*a - 10390 = 13036. Let l = 88 - a. What is the hundreds digit of l?
9
Let p(w) = w**2 + w + 7. Let l be p(0). Suppose -2*v - 90 = -l*v. What is the tens digit of (-2 + 2 - v)*-1?
1
Suppose 0 = 2*w + 3*d - 1424, -4*w + 3*d + 2848 = -0*d. Let i = 1211 - w. What is the tens digit of i?
9
Let j(l) = 4*l**2 + l + 88. Let r(q) = 2*q**2 - 9*q - 10. Let h be r(7). Suppose 2*d + h = 7*d, 0 = -4*t - d + 5. What is the tens digit of j(t)?
8
Let c(u) = 3*u**2 + 54*u - 6802. What is the tens digit of c(-130)?
7
Suppose 0 = -4*p + 16, 4*p - 416 = -2*f + 326. Suppose -3*o + 3*s + 330 = 0, 2*o - f + 128 = -s. Let h = o - 63. What is the tens digit of h?
5
Suppose 5*t - 3*u = 226835, 0 = 6*u - 9*u + 15. What is the tens digit of t?
7
Suppose -2*v = -4922 - 1803 - 6281. What is the thousands digit of v?
6
Let a(b) = 5*b - 71. Let r be a(-26). Let s = -143 - r. What is the units digit of s?
8
Let f = 902 + -513. Let l = -77 + f. What is the hundreds digit of l?
3
Let d(i) be the first derivative of -i**4/4 + 23*i**3/3 - 35*i**2/2 + 112*i - 320. What is the units digit of d(16)?
4
Let c = 187 + -72. Suppose c*q = 117*q - 844. What is the tens digit of q?
2
Let y = -54 - -2. Let g = 59 + y. What is the units digit of (6/(-2 + 5))/2 + g?
8
Suppose -5*g + 3246 - 761 = 0. Suppose 0 = 4*r - 1179 - g. What is the tens digit of r?
1
Suppose 4*b = -5*y - 16, 4 = 3*y - 3*b + 2*b. Suppose y*n - 45 = -5*n. What is the units digit of n?
9
Suppose -3*p + 5*f + 4 = -0*p, -28 = -3*p - f. Suppose -p = -2*u - 10. Let s(z) = -5*z + 1. What is the units digit of s(u)?
6
Let h be (2589/4)/(195/1040). What is the hundreds digit of ((3 + -2)*1)/(4/h)?
8
Let g be 6190/(-25)*70/(-28). Let m = 262 - -101. Suppose g = 5*l + 2*x, -m = -3*l - 0*l - 4*x. What is the units digit of l?
5
Let b be 5 + (-2)/(5*(-2)/(-5)). Let i(a) = 16 + a + 2*a**2 + b*a + 3*a + 5*a. What is the units digit of i(-5)?
1
Suppose 189*l + 2*f = 186*l + 49196, -f = 4*l - 65603. What is the tens digit of l?
0
Let u be (12/3)/((-2)/(-8)). Suppose u*o - 44 - 132 = 0. Suppose 0 = 2*t + o - 215. What is the tens digit of t?
0
Let b(x) = -2*x + 7. Let l(c) = c**2 + 8*c + 5. Let f be l(-8). Let u be b(f). Let r(i) = 14*i**2 - 5*i - 10. What is the units digit of r(u)?
1
Suppose 2*f - 17030 = r, 110714 = 13*f - 22*r + 25*r. What is the tens digit of f?
1
Let v = -29547 - -55305. What is the tens digit of v?
5
Let v be (894/(-9) - -6)*-3. Let s = -112 + 295. Let p = v - s. What is the units digit of p?
7
Suppose -9 = -15*h + 18*h. Let p be (28 - -1)/(h*4/12). What is the units digit of ((-32)/10)/(-1 + p/(-30))?
6
Suppose 2*o = -2*t - 1 + 27, 53 = 5*o - t. Let r = -1061 - -1301. Suppose 14*l - o*l = r. What is the units digit of l?
0
Let t(p) = 287*p**3 + 3*p**2 + 4*p + 1. What is the hundreds digit of t(3)?
7
Let o = 24405 - -31713. What is the thousands digit of o?
6
Let m be -5 - (-3 - (-2285)/(-1)). Suppose -1511 - m = -14*h. What is the hundreds digit of h?
2
Let u(t) = t**3 - 8*t**2 - 6*t - 16. Let z be u(9). Suppose -8*c = -z*c - 912. What is the tens digit of c/(-64)*(-1 + 33)?
5
Let q = 65 - 63. Suppose 2*p - 2285 = -5*y + 3389, 0 = -p + q. Suppose y = 7*a - 0*a. What is the tens digit of a?
6
Suppose 3*o - 3 = -6, r - 2 = -o. Let l be (1 - r)*(-15)/(-10). What is the units digit of l*(3 - 16/4)?
3
Let b = 53 + -51. Suppose 0 = -2*p + 8, 4*v - b*p + 6*p = 24. Suppose -y + v*y + 572 = 4*c, -c + 4*y + 128 = 0. What is the units digit of c?
4
Let f(m) = -m**3 + 8*m**2 - 5*m - 10. Let d be f(7). Suppose 0 = -d*v + 11 - 11. Suppose -40*z + 31*z + 2205 = v. What is the units digit of z?
5
Suppose -5 = f - 2. Let c(t) = -t + 6. Let a be c(f). What is the units digit of ((-114)/a)/(4/(-48)) + 0?
2
Suppose 4*k - 6*k - 4*r + 166 = 0, k + 3*r = 87. Suppose h + 12 - k = 0. What is the tens digit of h?
6
Suppose -972 = -3*u - 4*s, -u = 5*s - 92 - 221. What is the tens digit of (u/24)/(2/3